
Let r(y) = y**3 - 30*y**2 - 66*y - 34. Give r(14).
-4094
Let n(j) = 110*j - 43762. Give n(390).
-862
Let f(d) = -d**3 - 380*d**2 + 37877*d - 3226. Give f(-462).
8
Let o(b) = 3419*b - 24022. Give o(7).
-89
Let x(p) = -16756*p - 134408. Calculate x(-8).
-360
Let c(u) = 168536*u + 6067297. Determine c(-36).
1
Let q(r) = 3*r**2 + 95*r - 18. What is q(-19)?
-740
Let x(h) = 12*h**2 + 896*h - 13668. Determine x(13).
8
Let t(n) = -n**3 - 195*n**2 - 2020*n + 642. Calculate t(-184).
-94
Let j(h) = -h**3 + 94*h**2 + 2416*h + 25. Give j(-21).
4
Let s(z) = z**3 - 9*z**2 + 397*z - 5201. Give s(12).
-5
Let l(g) = 2*g**3 - 133*g**2 + 2128*g + 1369. What is l(29)?
6
Let d(z) = -z**2 + 1237474*z - 34648501. What is d(28)?
-13
Let c(a) = 5*a**3 + 8*a**2 - 119*a + 1362. Give c(9).
4584
Let d(a) = a**3 + 10*a**2 - 104*a - 987. Give d(-8).
-27
Let v(d) = 25*d**2 - 52*d - 363. Determine v(5).
2
Let x(j) = -147*j**2 - 690*j - 688. Calculate x(-1).
-145
Let l(q) = 886*q - 1403. What is l(3)?
1255
Let j(i) = 484*i - 120427. Give j(249).
89
Let m(v) = -288*v - 2663. Determine m(-9).
-71
Let o(h) = -h**3 - 17*h**2 - 118*h - 562. Determine o(-6).
-250
Let v(b) = -b**3 - 29*b**2 - 616*b - 18633. What is v(-29)?
-769
Let o(d) = -624*d + 9688. What is o(16)?
-296
Let o(q) = -q**2 - 77*q + 177711. Give o(-462).
-159
Let r(w) = -w**3 - 394*w**2 + 2927*w + 48114. Give r(-401).
-6
Let v(n) = 1464*n + 197664. Give v(-135).
24
Let y(v) = 2*v**2 - 1213*v - 6129. Determine y(-5).
-14
Let w(i) = -964*i + 32688. Give w(34).
-88
Let y(l) = -3*l**3 - 3*l**2 - 141*l + 438. Determine y(3).
-93
Let t(x) = -7718*x - 216225. Calculate t(-28).
-121
Let z(u) = 203*u**2 + 4*u - 12. Determine z(1).
195
Let h(q) = q**3 - 184*q**2 + 16*q - 1824. Determine h(184).
1120
Let n(q) = 696*q**2 - 7656*q - 1. What is n(11)?
-1
Let p(v) = 422230*v + 2533391. Calculate p(-6).
11
Let x(v) = -708*v - 10689. Give x(-15).
-69
Let u(g) = g**3 + 16*g**2 - 5858*g - 172. Determine u(69).
311
Let n(v) = -13*v**3 - 29*v**2 + 39*v + 31. Calculate n(-3).
4
Let z(o) = -6*o**3 + 253*o**2 - 41*o - 326. Determine z(42).
-284
Let f(a) = 499*a - 421. Calculate f(1).
78
Let m(t) = 3*t**3 + t**2 + 124*t - 585. Determine m(5).
435
Let o(w) = 10*w**2 - 315*w - 1141. Give o(34).
-291
Let u(a) = a**3 + 73*a**2 - 93*a - 9. Give u(0).
-9
Let h(r) = -2024*r - 12274. Determine h(-6).
-130
Let u(j) = -j**2 + 3074*j - 677597. Determine u(239).
-32
Let m(n) = -164450*n + 5920206. Determine m(36).
6
Let g(b) = -750*b**2 - 3030*b - 191. What is g(-4)?
-71
Let y(b) = 10*b**2 - 521*b + 84. Calculate y(55).
1679
Let p(g) = -4*g**2 + 14276*g + 171385. Calculate p(-12).
-503
Let m(o) = 12932*o + 659529. Determine m(-51).
-3
Let n(o) = -6*o**3 - 179*o**2 + 368*o - 19. Give n(2).
-47
Let b(o) = o**3 - 192*o**2 + 2084*o - 16850. What is b(181)?
-17
Let i(f) = -603*f + 26515. Give i(44).
-17
Let s(a) = -a**3 - 90*a**2 - 936*a - 25. Determine s(-78).
-25
Let r(d) = -267*d - 244. Determine r(-1).
23
Let h(m) = -5654*m - 192242. Determine h(-34).
-6
Let w(d) = -262*d + 11058. What is w(39)?
840
Let u(g) = -11*g**3 + 2154*g**2 + 773*g - 74680. Calculate u(196).
-4
Let w(r) = -r**3 + 30*r**2 + 454*r - 1019. Give w(2).
1
Let t(b) = 9416*b + 6016838. Give t(-639).
14
Let v(d) = 9152*d + 695672. What is v(-76)?
120
Let m(c) = -2268*c - 1553571. What is m(-685)?
9
Let s(v) = -795*v**2 - 14317*v - 131. Determine s(-18).
-5
Let t(l) = -l**3 + 106*l**2 - 307*l + 840. What is t(103)?
1046
Let w(a) = a**2 + 229*a + 12835. What is w(-96)?
67
Let y(w) = -2*w**3 - 9*w**2 + 3*w - 339. Give y(-8).
85
Let v(f) = -4*f**3 - 76*f**2 + 72*f - 16. What is v(-21)?
2000
Let g(q) = q**2 - 67*q + 1611. Determine g(21).
645
Let z(a) = -3*a**2 - 4546*a - 59350. What is z(-13)?
-759
Let w(h) = 31*h**2 + 381*h + 836. Give w(-9).
-82
Let n(v) = 20*v**2 + 414*v + 403. Give n(-1).
9
Let a(z) = -174*z**2 + 8043*z + 6331. Give a(47).
-14
Let q(f) = f**2 - 14278*f - 128585. Determine q(-9).
-2
Let b(k) = -14*k**2 + 4738*k + 14196. What is b(-3)?
-144
Let d(b) = 360*b + 17167. Give d(-48).
-113
Let j(u) = u**3 - 6*u**2 - 7*u - 361. Determine j(-13).
-3481
Let l(s) = -13*s**3 + 93*s**2 + 9*s + 45. Give l(8).
-587
Let p(a) = -a**2 - 12672*a + 241145. What is p(19)?
16
Let d(t) = 115*t**2 + 360*t - 141. What is d(-3)?
-186
Let y(v) = 20356*v - 223917. Determine y(11).
-1
Let z(v) = 112188*v - 4824076. Calculate z(43).
8
Let i(f) = -f**3 + 183*f**2 - 196*f + 2565. Determine i(182).
17
Let q(o) = -1076*o + 15079. Give q(14).
15
Let q(k) = -5504*k + 93559. Determine q(17).
-9
Let y(n) = -n**3 + 966*n**2 - 9570*n + 9596. What is y(956)?
36
Let p(y) = -2897*y - 47004. Give p(-18).
5142
Let z(q) = -3*q**2 - 415*q - 7429. Determine z(-118).
-231
Let m(k) = 7289*k - 153062. What is m(21)?
7
Let k(v) = v**2 + 44*v - 1975. Determine k(26).
-155
Let p(l) = -1427*l**3 + 116*l**2 - 106*l - 9. Calculate p(1).
-1426
Let i(g) = 85137*g + 85137. Give i(-1).
0
Let a(x) = -3*x**2 - 256*x - 2427. Give a(-10).
-167
Let g(x) = -x**3 - 1084*x**2 + 3341*x + 87040. Determine g(-1087).
80
Let s(z) = 124*z + 4691. What is s(-37)?
103
Let o(y) = 135*y**3 - 2831*y**2 - 60*y - 510. What is o(21)?
-6
Let s(t) = -185*t + 6803. What is s(37)?
-42
Let a(o) = 2*o**3 + o**2 + 8*o + 1984. Give a(0).
1984
Let k(n) = 7831*n + 70487. What is k(-9)?
8
Let n(d) = d**3 + 54*d**2 - 157*d - 11129. Determine n(-53).
1
Let g(v) = -v**3 - 92309*v**2 + 461581*v - 10. Give g(5).
45
Let s(u) = 26607*u - 3458920. Give s(130).
-10
Let t(l) = -5*l**3 + 635*l**2 - 3021*l - 3537. Calculate t(122).
1
Let j(s) = 3*s**3 - 474*s**2 - 790*s - 27206. Give j(160).
-6
Let r(z) = -134*z + 2982. Determine r(23).
-100
Let c(x) = 134*x - 1210. Give c(9).
-4
Let t(i) = -i**3 - 28*i**2 - 102*i - 3746. Give t(-29).
53
Let j(b) = -311*b - 53186. What is j(-171)?
-5
Let s(g) = 11*g**3 - 2*g**2 + 19313*g - 57916. Determine s(3).
302
Let g(d) = -8*d**2 - 850*d + 21383. What is g(21)?
5
Let t(u) = -2425*u + 676588. Calculate t(279).
13
Let n(o) = -19124*o - 38662. Determine n(-2).
-414
Let w(t) = -t**2 - 262*t + 1357. Calculate w(5).
22
Let v(x) = -x**3 + 207*x**2 + 2412*x - 3037. Calculate v(218).
15
Let b(c) = 4*c**2 + 115*c - 8777. What is b(34)?
-243
Let r(k) = -3*k**2 - 184*k - 2238. What is r(-44)?
50
Let v(y) = -167*y + 58130. Calculate v(348).
14
Let i(j) = -j**2 + 84*j - 552. Determine i(61).
851
Let x(n) = -352*n**3 + 7*n**2 + n - 7. What is x(1)?
-351
Let m(c) = -3*c**2 + 253*c + 34. Give m(78).
1516
Let y(z) = -78*z**2 - 2880*z + 6299. Give y(-39).
-19
Let d(i) = 1534*i + 61446. What is d(-40)?
86
Let s(v) = 544*v - 23621. Calculate s(46).
1403
Let t(x) = 8*x**2 + 1926*x + 3834. Calculate t(-2).
14
Let r(u) = -u**3 - 8*u**2 - 3149*u - 12524. Calculate r(-4).
8
Let n(h) = 4233*h - 23049. What is n(5)?
-1884
Let d(a) = 420*a**2 - 17959*a + 13392. Give d(42).
-6
Let n(y) = 18*y**2 - 382*y + 1177. Determine n(17).
-115
Let i(m) = 4102*m + 2608863. What is i(-636)?
-9
Let l(v) = -15777*v**2 - 5127530*v - 1627. Determine l(-325).
-2
Let t(n) = 9*n**2 - 1058*n - 243. Give t(118).
229
Let u(m) = 132*m**2 - 1873*m + 361. Calculate u(14).
11
Let c(g) = -g**3 - 54*g**2 + 40*g - 1661. Give c(-55).
-836
Let k(y) = -63740*y + 1019840. Calculate k(16).
0
Let b(f) = -137331*f - 274642. Calculate b(-2).
20
Let x(z) = 142*z + 1828. What is x(-9)?
550
Let h(l) = 4*l**2 - 4047*l - 20350. What is h(-5)?
-15
Let l(h) = h**3 - 502*h**2 + 27660*h - 195. What is l(63)?
-6
Let r(v) = 11*v**3 - 10*v**2 - 4*v + 8. Determine r(-5).
-1597
Let o(m) = 88*m**2 + 2045*m + 444. Calculate o(-23).
-39
Let n(m) = 141*m + 4900. Calculate n(-37).
-317
Let c(w) = 4*w**3 - 59*w**2 - 26*w - 86. What is c(16)?
778
Let f(w) = 2*w**2 + 108*w + 1110. Give f(-14).
-10
Let i(u) = 8953*u + 984901. Calculate i(-110).
71
Let c(u) = -2*u**2 + 1078*u - 8490. What is c(8)?
6
Let w(m) = -6993*m - 6088. Determine w(-1).
905
Let b(g) = -g**3 + 25*g**2 + 32*g - 334. What is b(20)?
2306
Let d(u) = 57*u**2 + 21905*u + 28225. What is d(-383)?
-117
Let l(u) = -5114*u + 2203975. Determine l(431).
-159
Let h(f) = 3*f**2 + 674*f - 10183. Give h(-239).
94
Let x(s) = -14*s**2 - 18993*s - 113941. What is x(-6)?
-487
Let v(u) = 21*u**2 - 2643*u - 182. Calculate v(126).
196
Let k(w) = 49*w**2 + 1525*w - 60. Determine